hat are the prime factors of c?
3, 5
Suppose 223*j = 5*i + 218*j - 111490, 4*i = 5*j + 89198. List the prime factors of i.
2, 5573
Let c = -213 + 218. Suppose 3*x - 1183 = c*v, 5*v - 397 = -x + 4*v. List the prime factors of x.
2, 3, 11
Let r be 14/4*38 + 5. Let u = r + -50. What are the prime factors of u?
2, 11
Let d(y) = 971*y + 9. Let k be d(21). Suppose 18*o + 100632 = -k. List the prime factors of (-6)/45 - o/30.
2, 7
Let w(y) = 4*y**2 - 31*y + 942. What are the prime factors of w(0)?
2, 3, 157
Suppose -87*h + 135 = -82*h. List the prime factors of 2329/9 - (-6)/h.
7, 37
Suppose -2*o + 13 = p + 2*p, 3*o = -p - 5. Let t(z) = 188*z**2 - 2 + 15*z - 355*z**2 + 0*z + 171*z**2. What are the prime factors of t(p)?
13, 23
Let z(b) = -23*b + 3. Suppose 32 = 3*u - 22. Let n = -19 + u. List the prime factors of z(n).
2, 13
Let p = 22499 + -14394. What are the prime factors of p?
5, 1621
Let n(l) = -11092*l - 5067. List the prime factors of n(-3).
3, 9403
Suppose -61*l = -37*l + 135*l - 2872971. What are the prime factors of l?
3, 19, 317
Suppose 372*i = 366*i + 7686. Suppose -i - 3003 = -17*f. List the prime factors of f.
2, 3, 7
What are the prime factors of (-14412)/285*-35 - (2 - (-80)/(-38))?
2, 3, 5, 59
Let l be (-23 - -18) + 4 + -2. Let p(k) = -18*k**3 + k**2 + 3*k + 9. What are the prime factors of p(l)?
3, 5, 11
Let b(k) = 38*k**2 + 23*k + 6. Let g be b(-9). Let y = g - 1819. List the prime factors of y.
2, 23
Suppose 4*l - 2 = x + x, -3 = 5*l + 3*x. Let r = -345 - -3171. List the prime factors of (r/18)/(l + 1).
157
Let v(z) = z**3 - 2*z**2 - 2*z + 1. Let y be v(4). Suppose -15 = o - 3*r, -3*o = r + y - 0. List the prime factors of 60/o*132/(-8).
2, 5, 11
Suppose 2*x = 6*x + 36. Let m = 33 + x. List the prime factors of 14*14/4 - (m - 20).
3, 5
Let j = 9127 + -4777. List the prime factors of j.
2, 3, 5, 29
Let n = -2930 - -3972. List the prime factors of n.
2, 521
Let m be (-2 - (-8)/6)/(16/(-72)). Let v be (-8)/3*(-61)/2*m. Suppose v = -5*n + 9*n. What are the prime factors of n?
61
Let t(y) = 2*y**2 - 5*y - 5. Let f be t(-1). What are the prime factors of (-3 + f)/(2 - 1) - -398?
397
Let g(p) = p**2 - 11*p - 50. Let v be g(14). List the prime factors of -7 - (5 - 1731) - v.
11, 157
Suppose -3*h - 2*a + 38 - 13 = 0, h - 3 = 2*a. List the prime factors of 5/(-17 + h)*-594.
3, 11
Let r(b) be the first derivative of -1/4*b**4 + 3*b - 4*b**3 - 7*b**2 - 20. What are the prime factors of r(-11)?
2, 3
Let y(o) = -23*o**3 + 2*o - 1. Let c be y(1). Suppose -4*q - 5*n + 323 = 0, 2*q - 4*n = -0*q + 142. List the prime factors of 14/q - 2614/c.
7, 17
Let v be 2086/4*(-4)/(11 - 12). Suppose 5*t = -5*h + 5240, -7*h + v = 2*t - 3*h. List the prime factors of t.
3, 13
Let q be (104/16 - -1)*(-2)/(-3). Suppose 3*b = -q*r + 482, -4*b + 661 = -0*b + 3*r. What are the prime factors of b?
13
Suppose -38*d + 36*d + 2176 = 0. Suppose -25*g + 21*g = -d. List the prime factors of g.
2, 17
Let n be 62/10 + -7 + (-439)/(-5). Let g = -86 + n. List the prime factors of g - ((4/(-4) - 120) + -1).
3, 41
List the prime factors of 408/(-34) + 7 + 3849/1.
2, 31
Suppose 24*z = 21*z + 90. Suppose 10*o - z = 9*o. List the prime factors of o.
2, 3, 5
Suppose -2*x + 3*w = 8, 5*x + 3*w - 21 = 1. Suppose -6*f + 1710 = -3*f + 2*s, -4*f + x*s + 2266 = 0. What are the prime factors of f?
2, 71
Let i(d) = 446*d - 11. Let x be i(2). Suppose -5*w - x = 2*k - 2923, -4*k - 404 = -w. What are the prime factors of w?
2, 3, 17
Suppose 3*n - 17655 = s + 6956, -s = -4. List the prime factors of n.
3, 5, 547
Suppose -4*j - 16 = 0, 2*j = -5*g - 2*j - 1766. List the prime factors of (-8 - g)/((-9)/(-6)).
2, 3, 19
Let f(z) = 209*z - 621. Let s be f(3). Let y = -6 + 8. Suppose y*w + 932 = s*w. List the prime factors of w.
233
What are the prime factors of 42/(140/(-10))*((-3346)/3)/1?
2, 7, 239
Let k = -11674 + 11666. Let p(t) be the first derivative of -12*t**2 - 5*t - 1. List the prime factors of p(k).
11, 17
Let o(c) be the first derivative of c**4/4 + 7*c**3/3 - 10*c + 27. List the prime factors of o(-6).
2, 13
Suppose 0 = -4*q - w + 90431, -15*q = -12*q + w - 67823. What are the prime factors of q?
2, 3, 157
Let y be ((-8)/(-6))/((-1336)/(-120) + -11). List the prime factors of ((-1)/(y/(-1284)))/((-663)/(-2210)).
2, 107
Let u be (4 - (1 - -2))/((-2)/(-1402)). Let f = -26 + u. What are the prime factors of f?
3, 5
Suppose -h - 3*d = -6*h + 169324, -5*h + 169279 = 12*d. List the prime factors of h.
33863
What are the prime factors of (-2)/(-5)*(-61176)/(-36)*(-315)/(-14)?
2, 3, 2549
List the prime factors of (-5)/(-85) + (-4213956)/(-68).
2, 5, 6197
Let s(i) = 2*i + 29. Let w be s(-14). Let f be 0/(0/1 - w/1). Suppose f = 47*a - 43*a - 764. What are the prime factors of a?
191
Suppose -13*a = 10687 - 56655. Suppose -17*o + a = -0*o. What are the prime factors of o?
2, 13
Suppose 3*a + 3*n = 2*a - 93, -2*a - 166 = 2*n. Let w = a - -525. List the prime factors of w.
3, 149
Suppose 48*p - 48285 = 11*p. Suppose -4*x = -2*o - 5154, -x - 7*o + p = -2*o. What are the prime factors of x?
2, 3, 5, 43
Suppose -62*b + 67*b = 2*v - 105580, 0 = 6*v + 4*b - 316816. What are the prime factors of v?
2, 3, 5, 11
Let t(n) be the second derivative of -2*n**3/3 - 6*n**2 - 5*n. Let r be t(-2). What are the prime factors of (-1)/2 + r + (-435)/(-10)?
3, 13
Let c(v) = 79*v**2 - 36*v - 333. What are the prime factors of c(-9)?
2, 3, 5, 71
Let y(o) = -o**2. Let f be (6*(-8)/(-12))/((-2)/3). Let m(t) = 5*t**2 - t + 12. Let s(n) = f*y(n) - m(n). What are the prime factors of s(5)?
2, 3
What are the prime factors of (-15 - (-92)/8)/((-1)/128)?
2, 7
Let i be (-3)/(-3) + (-15 - -20). Let v(k) = k**3 + 2*k**2 - 11*k + 89. What are the prime factors of v(i)?
311
Let k(h) = 6*h - 24. Let x be k(5). Let a(b) = 46*b + 22. List the prime factors of a(x).
2, 149
Let o(a) = 2*a**2 - a + 1. Let k(y) = 3*y**2 - 9*y - 237. Let z(b) = -k(b) + 2*o(b). List the prime factors of z(0).
239
Let o = -1394 - -2959. What are the prime factors of o?
5, 313
Suppose 0 = -5*i + 2*i - 2*n + 82, -12 = 3*n. Let l(d) = d**2 + 25*d + 109. What are the prime factors of l(i)?
1759
Suppose -4*j = 3*h - j - 23943, -5*j = -4*h + 31870. List the prime factors of h.
5, 11, 29
Suppose 4*g = 5*i + 141 + 205, -4*i - 283 = 3*g. What are the prime factors of (-2068)/(-7) + (-15)/i*-2?
5, 59
Let g(j) = j**3 + 22*j**2 + 20*j - 18. Let b be g(-21). Suppose d + b*w = 4*w + 269, -3*d = -2*w - 803. List the prime factors of d.
5, 53
Suppose p - 72 = -8*p. List the prime factors of 1174/(p + -6) - 0.
587
Let c(n) = n**2 + 2*n - 6. Let o be c(-5). Let g be (o/((-36)/536))/(-2)*7. Let p = g - 231. List the prime factors of p.
2, 7, 17
Let k(w) = 3*w**2 - 2*w - 4. Let u be k(-2). Suppose 4*o - 4*h = 40, 7*o - 4*o + 3*h = u. Let y(s) = s**2 - 1. List the prime factors of y(o).
2, 3
Let g be (-114)/22 + (696/(-44) - -16). Let h(o) = -7 + 1 - 7*o**2 + 0*o**2 - 2*o**3 - 3*o. What are the prime factors of h(g)?
2, 3, 7
Let p(k) = -k**3 + 18*k**2 + 64*k - 130. What are the prime factors of p(15)?
5, 7, 43
Let m(y) = y**2 - y. Let x be m(2). Suppose -4*o - x*w + 138 = 0, -o - 3*w + 141 = 3*o. Suppose -o = -4*f + 31. What are the prime factors of f?
2
Let v(w) = -3927*w - 4174. What are the prime factors of v(-6)?
2, 37, 131
Suppose 22*x - 91735 = 89391. List the prime factors of x.
8233
List the prime factors of 22919 + (19 - (-180)/(-9)).
2, 7, 1637
Let m = 2045 + 6971. What are the prime factors of m?
2, 7, 23
Suppose -4*h + 12 = -0*h. Let x(z) = -4*z**3 - 9*z**2 - 23*z - 18. Let j be x(-5). Suppose -r + 2*k = -124, -4*r + j = -h*k - 129. List the prime factors of r.
2, 3, 7
Suppose -3*d + 2*g = -9, 3*g + 13 = 2*d + 7. Let t(m) = 223*m - 40. What are the prime factors of t(d)?
17, 37
Let l = 19700 - 12894. What are the prime factors of l?
2, 41, 83
Let u = -23 - -16. Let i be (-12)/(3 + u) + -1. List the prime factors of 2/4 + 219/i.
2, 5, 11
List the prime factors of (6 + 1)*(476896/8)/28.
7, 2129
Suppose 2*i + 60*a - 59*a - 22805 = 0, -3*a = -3*i + 34185. List the prime factors of i.
2, 3, 5, 19
Let q(k) = -22*k**3 + 4*k**2 - 17*k + 2. Let a be q(4). What are the prime factors of a/(-4) + (-24)/(-48)?
353
Let u(p) = -61*p**3 + 8*p**2 + 41*p + 281. What are the prime fac